)?
3
Suppose 7*t = -i + 2*t + 4897, -2*i = 4*t - 9818. What is the tens digit of i?
1
Suppose 0 = -6*u + 8*u - 176. Suppose 2*j + u - 242 = 0. What is the tens digit of j?
7
Let r(v) = -7*v**2 + 3*v + 7*v**2 + v**2 - 6. Let c be (-9)/(2 - (-1)/(-2)). What is the units digit of r(c)?
2
Suppose 543 - 299 = 4*w. What is the units digit of w?
1
Let d be 2 + 159/(-2 + 5). Let z = 103 - d. What is the units digit of z?
8
Suppose -4*v - p + 3 = -10, 0 = -v + 3*p - 13. Suppose v*h = -12*h + 560. What is the units digit of h?
0
Suppose 3*n = 5*o - 19, -n + 4*o - 5*o = -7. Let y be n/(2 + 2 + -3). What is the tens digit of (y/3)/(2/54)?
1
Let t(n) = -n**3 - 8*n**2 - 8*n - 5. What is the units digit of t(-7)?
2
Let o(y) be the first derivative of -y**4/4 + y**3 + 3*y**2/2 - 1. Let f = -255 + 258. What is the units digit of o(f)?
9
Let j = -97 + 505. What is the units digit of j?
8
Let y be 5 + (4 - (4 + -4)). Let u(m) = m**2 - 9*m + 9. Let v be u(y). Suppose -v*t + 6*t = -24. What is the units digit of t?
8
Let u(y) = -2*y**3 + 6*y**2 - y. Suppose 0 = x + 2, -3*i + 4*x + 5 + 15 = 0. Let g be u(i). Let n = g - -93. What is the units digit of n?
7
Let c(p) = 36*p - 1. Let k be c(-1). Let y = k + 22. Let v = y - -25. What is the units digit of v?
0
What is the hundreds digit of (52/(-13))/((-2)/938*2)?
9
Let x(j) = j**2 + 8*j + 18. Let w be x(-4). What is the units digit of (5*(-5)/(-25))/(w/264)?
2
Suppose 5*a + 504 = 3*i, 0 = 3*a - 8*a. Suppose 6*q - i = 4*q. What is the tens digit of q?
8
Let o(q) = 2*q**3 - 5*q**2 + 38*q - 8. What is the units digit of o(6)?
2
Suppose -28*k + 20 = -23*k. Suppose -5*h + 832 = -h - 4*d, k*d - 832 = -4*h. What is the units digit of h?
8
Suppose 5*j = 5*m + 835, -3*m + 170 = j - 5*m. What is the tens digit of j?
6
Let d(x) = -343*x + 46. What is the hundreds digit of d(-5)?
7
Suppose 4*x = 2*u - 4698, 3*u - 24*x - 7051 = -20*x. What is the units digit of u?
3
Suppose 5*s = 50 - 10. Suppose -7 = 3*c + 2, 4*c - s = -5*u. Suppose 2*l - u*m = -0*l + 38, -12 = -4*m. What is the units digit of l?
5
Suppose 0 = 6*t - 10*t + 4. Suppose 3*o - 10 = -t. What is the units digit of o + 4/2 + -2?
3
Let o be 6/4*(3030/(-9))/5. Let k = o + 258. What is the units digit of k?
7
Let x = -10 + 14. Suppose -3*t = 5*z + x, z = -5*t + 3*z + 45. What is the units digit of t?
7
Let f = -239 + 119. Let l = -58 - f. What is the tens digit of l?
6
Suppose 4*l - 42 = 18. Suppose -i - 3*r + l = 0, 2*i + 2*r - 22 = -2*r. Let v = i + 6. What is the units digit of v?
9
Let n = 174 + -64. Let y be (n/3)/(24/36). Suppose -5*p = -u + y, 143 = 2*u + u - 4*p. What is the units digit of u?
5
Suppose 4*p - 1576 = 4*r, -4*p - 5*r + r = -1560. What is the tens digit of p?
9
Suppose 4*j - 3*d = -j + 1048, 3*j - 652 = -4*d. Let l = -61 + j. What is the tens digit of l?
5
Let g = -64 - -15. Let c = 35 - g. What is the tens digit of c?
8
Let r(m) = 126*m - 188. What is the units digit of r(7)?
4
Suppose 23 = -2*m + 69. Let o be (-210)/72*-4 - (-2)/(-3). Let t = m - o. What is the tens digit of t?
1
Suppose 0 = 3*a + 6, 0*f + f - 32 = 5*a. Suppose 27*m - 340 = f*m. What is the tens digit of m?
6
Let u = 21 + -19. Let g be (u/(-6))/(2/18). What is the units digit of -5*(387/15)/g?
3
Suppose 69*h - 79*h = -12370. What is the hundreds digit of h?
2
Let h(c) = c**2 - 1. Let f(z) = z**3 - 9*z**2 + 22*z + 11. Let l(x) = f(x) - 4*h(x). What is the tens digit of l(12)?
3
Let r be 5 + -1 + 8/(-4). Let z(u) = -r*u - 3 + 6*u - 3*u. What is the units digit of z(4)?
1
Let j be (1 - -4)/((-5)/(-2)). Suppose -3*g - 67 = -l - 4*g, -2*l = -j*g - 130. What is the tens digit of l?
6
Let z = 1710 + -925. What is the units digit of z?
5
Let q(o) = o**2 - 8*o - 9. Let k be q(-11). Suppose -8*p - k = -3*p. What is the tens digit of 110/(-4)*32/p?
2
Let x(q) = 24*q**2 + 2*q + 9. What is the units digit of x(2)?
9
Suppose j - 37 = 3*k, -3*j + 9*k = 11*k - 100. Suppose -v - 23 = -0*m + m, 2*v + 41 = -3*m. Let t = j - v. What is the units digit of t?
2
Suppose 4*p + 7 = 5*p + m, 2*p - 3*m = 34. Suppose -p*n + 150 = -9*n. What is the units digit of n?
5
Let i(r) = r - 15. Let h be i(13). Suppose -3*g = 0, 3*l + g - 234 = -4*g. What is the units digit of 17/h*l/(-13)?
1
Let m(i) = -2*i - 14. Let b(q) = -2*q - 17. Let r be b(-5). Let o be m(r). Suppose x - 4*h - 12 = o, 0 = -x + 2*h + h + 15. What is the tens digit of x?
2
Suppose f + 5916 = 13*f. What is the units digit of f?
3
Let x(w) = -w**3 + 41*w**2 + 46*w + 145. What is the hundreds digit of x(40)?
5
Suppose 3*x = 3*s - 507, 2*s + 3*x = -x + 332. Suppose -5*w = -187 - s. Let k = -47 + w. What is the units digit of k?
4
Let p(d) = 23*d + 18. What is the tens digit of p(11)?
7
Suppose -73 = -2*z + 15. Let a = 5 + -3. Let r = a + z. What is the units digit of r?
6
Suppose 0 = -c + 4*f - 8, -5*c - 6*f + 10 = -f. Suppose c = -2*g - 8 + 92. What is the tens digit of g?
4
Let w(h) = 4*h - 23. Let r be w(7). Let u(t) = -t**3 + 4*t**2 + 4*t + 7. Let y be u(r). Suppose -2 = -5*s - 17, -y*b - 5*s = -85. What is the tens digit of b?
5
Suppose 5*v + 100 = 7*v. Let q = v + -26. Suppose -b = 4 - q. What is the tens digit of b?
2
Suppose -33*x + 8367 + 42981 = 0. What is the hundreds digit of x?
5
Let b = -816 - -1657. What is the tens digit of b?
4
Let i be ((-20)/14)/((-1)/7). Let d = -10 + i. Let c(y) = -y + 23. What is the tens digit of c(d)?
2
Let n(i) be the second derivative of -i**4/4 + 7*i**2/2 + 6*i. Let o(a) be the first derivative of n(a). What is the tens digit of o(-4)?
2
Suppose 139 = 2*b + 3*t, 0 = 8*b - 3*b + 4*t - 344. What is the tens digit of b?
6
Let k be (-6292)/28 - (-4)/(-14). Let t = k - -343. Suppose 4*w + 3*p + 42 - t = 0, -4*p - 16 = 0. What is the tens digit of w?
2
What is the tens digit of ((-82)/(-5))/((-30)/(-1275))?
9
Let c = 133 + 101. What is the units digit of c?
4
Suppose -4*a + 15 = -9. Let p(y) = y**3 - 7*y**2 + 10*y - 9. Let l be p(a). Let c = -14 + l. What is the units digit of c?
1
Suppose -g + 1219 = 3*a, 2031 = 5*a + 15*g - 14*g. What is the tens digit of a?
0
Let w(p) = -p**3 + 6*p**2 + 5*p + 4. Suppose -7 = -4*a - 2*m + 1, a - m - 5 = 0. Suppose 5*l + 43 = 3*f, 6 - 21 = a*l. What is the units digit of w(f)?
4
Let b = 696 + -447. What is the tens digit of b?
4
Let d = -190 + 372. What is the hundreds digit of d?
1
Suppose 3*c = -0*c + 27. Suppose 2*g + 3 = c. Suppose -g*m = -3 - 0. What is the units digit of m?
1
Suppose b + 1434 - 465 = 4*a, 0 = -a + 7*b + 222. What is the hundreds digit of a?
2
Let m = 888 + -347. What is the tens digit of m?
4
Let l(b) = -439*b - 41. What is the tens digit of l(-5)?
5
Let s(n) = n**3 + n + 2. Let g be s(0). Suppose 229 = -g*x + 4*x + 3*y, 3*y + 321 = 3*x. What is the hundreds digit of x?
1
Suppose -10*x = -15*x - 5*k + 9065, -x - 4*k + 1807 = 0. What is the thousands digit of x?
1
Let k(y) = y**3 + 7*y**2 + 9*y - 6. Let f be k(-5). What is the tens digit of (f/(3/330))/(-2 - 0)?
5
Let s be (-606)/(-12)*2/1. Let c = s + -13. What is the tens digit of c?
8
Let y be -7 - (-5 + (0 - -5)). Let t(o) = 13*o**3 - 2*o + 1. Let f be t(1). Let n = f - y. What is the tens digit of n?
1
Suppose -4*o - 10*b + 6*b + 2276 = 0, -565 = -o - 2*b. What is the units digit of o?
3
Suppose f = 2*v - 0*f - 39, 3*f + 27 = v. Let i = -16 + v. Suppose -o + 24 = 5*z, 4*z + 3*o - 20 = i*z. What is the units digit of z?
4
Let h(y) = -2 - 6*y + 5*y + 9 - y. Let i be h(3). Suppose 0 = 4*w - 3*a - 33, -3*a + 16 - i = 0. What is the units digit of w?
2
Suppose 4*r - 2*o = 10, o + 5 = 4*r - 0*o. Suppose r = -37*l + 36*l + 31. What is the tens digit of l?
3
Suppose 8*l - 9*l = -698. What is the hundreds digit of l?
6
Let o = 23 - 31. Let k(i) = -i**2 - 19*i - 17. What is the tens digit of k(o)?
7
Let x = -52 - -55. Suppose -x*k + 25 = -86. What is the tens digit of k?
3
Suppose -43*l = -3045 - 19530. What is the tens digit of l?
2
Let d = -11 + 14. Let s = d - 16. Let p = s - -37. What is the units digit of p?
4
Let t = -3 - -12. Suppose -2*w + 17 = t. Suppose 5*f - 24 - 4 = -u, -u + 22 = w*f. What is the units digit of f?
6
What is the hundreds digit of (-179 + 177)*((-699)/1 + 1)?
3
Let h(o) = -3622*o**3 - 4*o**2 - o + 1. What is the thousands digit of h(-1)?
3
Suppose 0*l - 1487 = -3*n - 4*l, 0 = 4*n - l